*b + 120. What is u(16)?
-8
Let g(n) = 19*n - 307. Give g(40).
453
Let a(u) = -100*u + 84. Determine a(1).
-16
Let u(q) = -4*q**2 + 25*q - 49. Calculate u(3).
-10
Let n(l) = 5*l**2 - 126*l + 697. Calculate n(17).
0
Let d(m) = -m**2 + 71*m - 452. Calculate d(7).
-4
Let i(p) = 50*p + 1917. Determine i(-38).
17
Let i(k) = -k**2 + 55*k + 61. Give i(52).
217
Let m(v) = -v**3 - 6*v**2 + 232*v + 1354. Determine m(-6).
-38
Let m(j) = 38*j - 12039. Determine m(317).
7
Let g(d) = d**2 - 26*d - 3927. Determine g(-51).
0
Let l(m) = 6*m**2 - 25*m + 15. Determine l(6).
81
Let r(s) = -36*s + 39. Give r(2).
-33
Let n(a) = 5*a + 91. Calculate n(-15).
16
Let x(m) = m**3 + 14*m**2 + 37*m - 88. Calculate x(-9).
-16
Let w(x) = -x**3 - 78*x**2 + 161*x + 80. Determine w(-80).
0
Let s(r) = -3980*r - 11919. What is s(-3)?
21
Let u(r) = 250*r**2 - 15*r - 7. What is u(-2)?
1023
Let b(l) = -l**2 - 139*l + 1814. Determine b(12).
2
Let t(y) = -y**3 - 17*y**2 - 56*y + 5. Calculate t(-5).
-15
Let z(g) = -2*g**2 - 16*g + 31. Determine z(-11).
-35
Let z(i) = i**3 - 360*i**2 + 2476*i - 1766. Give z(353).
-1
Let r(i) = -4223*i + 152047. What is r(36)?
19
Let c(u) = -32*u - 511. Calculate c(-16).
1
Let x(u) = -22*u**2 + 662*u - 68. Give x(30).
-8
Let m(x) = 2*x**3 - 3*x + 5. Calculate m(5).
240
Let j(b) = 2*b**2 + 855*b - 5156. Give j(6).
46
Let g(f) = -f**3 + 224*f**2 - 445*f - 2. Calculate g(2).
-4
Let z(w) = 249*w - 118. Determine z(-1).
-367
Let s(o) = -468*o - 36042. What is s(-77)?
-6
Let z(o) = -3*o**2 - 90*o + 1017. What is z(-46)?
-1191
Let h(v) = -22*v + 3. Give h(-1).
25
Let v(k) = 3*k**3 + 68*k**2 + 189*k - 2. Determine v(-3).
-38
Let r(s) = -2*s**3 - 7*s**2 + s. What is r(-5)?
70
Let b(r) = -14*r - 40. Determine b(-4).
16
Let g(w) = 4*w**2 + 52*w + 123. Give g(-4).
-21
Let j(b) = -3*b**3 + 3*b**2 + 7*b - 10. What is j(4)?
-126
Let y(a) = 82*a - 6398. Give y(78).
-2
Let g(v) = -59*v - 2144. What is g(-36)?
-20
Let c(w) = w**3 - 5*w**2 - 18*w - 10. Give c(-3).
-28
Let y(l) = -3*l**2 - 5*l + 2. What is y(9)?
-286
Let f(z) = -3*z**2 - 54*z - 166. Determine f(-14).
2
Let f(m) = -2*m - 38. Give f(-8).
-22
Let q(s) = 534*s + 233. Give q(-1).
-301
Let x(z) = -93*z - 640. Give x(-5).
-175
Let w(o) = 11*o**2 + 62*o - 21. Calculate w(-6).
3
Let f(s) = -125*s + 11763. Calculate f(94).
13
Let l(t) = -2236*t - 73812. Give l(-33).
-24
Let s(f) = -f**2 - 12*f + 98. What is s(-15)?
53
Let m(a) = -a**2 - 62*a + 158. Determine m(-64).
30
Let y(b) = 171*b + 3746. Give y(-22).
-16
Let x(h) = 22*h + 167. Give x(-7).
13
Let k(h) = -8*h**2 + 268*h + 27. Determine k(34).
-109
Let u(b) = b**2 + 41*b + 115. Determine u(-37).
-33
Let i(z) = 30*z + 119. Determine i(6).
299
Let s(m) = -m**3 + 28*m**2 + 10*m - 2. Give s(28).
278
Let c(m) = -m**3 + 25*m**2 - 69*m + 58. Calculate c(22).
-8
Let z(b) = 2*b**3 - 46*b**2 - 5*b - 33. Calculate z(23).
-148
Let s(o) = -2*o**3 + 218*o**2 + o - 66. What is s(109)?
43
Let v(f) = -231*f + 1753. What is v(8)?
-95
Let y(s) = 113*s - 644. Determine y(5).
-79
Let g(z) = 2*z**2 - 52*z + 908. Give g(32).
1292
Let i(r) = -2*r**3 - 125*r**2 + 523*r - 7. Determine i(4).
-43
Let r(q) = -24*q + 361. Determine r(15).
1
Let d(u) = -u**3 - 8*u**2 + 5*u + 52. Determine d(-4).
-32
Let x(w) = -4878*w - 14614. Determine x(-3).
20
Let z(g) = -12*g. Give z(0).
0
Let l(b) = 3*b**3 + 17*b**2 + 5*b + 9. What is l(-5)?
34
Let k(h) = 2*h**2 + 991*h + 5900. Calculate k(-6).
26
Let h(o) = 120*o + 27. Give h(-1).
-93
Let p(a) = a**2 + 129*a + 3517. Give p(-85).
-223
Let q(r) = 279*r + 171. Give q(-2).
-387
Let d(r) = 48*r + 2976. Calculate d(-58).
192
Let j(b) = -146*b**2 + 445*b - 10. Determine j(3).
11
Let b(f) = f**3 + 17*f**2 - 298*f + 264. Give b(10).
-16
Let d(r) = -19*r - 228. Give d(-9).
-57
Let i(j) = 5*j**2 + 12*j + 40. What is i(-3)?
49
Let l(y) = y**2 - 28*y - 61. What is l(28)?
-61
Let w(g) = -11*g + 100. Determine w(48).
-428
Let q(l) = -185*l + 4618. Determine q(25).
-7
Let x(b) = -7*b + 46. Give x(22).
-108
Let c(q) = 2*q**3 + 138*q**2 + 139*q + 121. Give c(-68).
-83
Let a(k) = 8*k + 119. What is a(9)?
191
Let i(w) = -w**3 + 30*w**2 - 55*w - 53. Calculate i(28).
-25
Let u(b) = 142*b - 2277. Calculate u(16).
-5
Let s(a) = 99*a**2 + 497*a + 14. Calculate s(-5).
4
Let p(h) = h**2 + 6546*h + 58834. Determine p(-9).
1
Let o(f) = -2*f**2 - 38*f + 186. Give o(-25).
-114
Let d(g) = g**3 + 9*g**2 + 56*g + 766. Determine d(-11).
-92
Let b(h) = 59*h + 266. Give b(7).
679
Let v(n) = -68*n + 176. Give v(3).
-28
Let i(g) = -21*g - 7056. What is i(-336)?
0
Let a(h) = -6*h - 445. What is a(-12)?
-373
Let r(h) = -40*h - 61. Calculate r(8).
-381
Let l(i) = -18*i**2 + 1642*i + 1321. Calculate l(92).
33
Let q(v) = -v**3 + 7*v**2 + 9*v - 65. Determine q(3).
-2
Let i(r) = 3*r**3 - 95*r**2 - 36*r + 128. What is i(32)?
0
Let x(l) = -13*l + 1009. Give x(78).
-5
Let f(l) = -405*l**3 + l**2 - 10*l + 9. Calculate f(1).
-405
Let t(m) = -43*m**2 + 61*m + 453. Calculate t(4).
9
Let f(j) = 80*j + 180. Give f(-2).
20
Let z(y) = y**3 - 6*y**2 - 2*y + 9. Give z(-2).
-19
Let q(d) = -97*d + 846. Determine q(9).
-27
Let k(c) = -2*c**2 + 415*c + 3989. Give k(-9).
92
Let d(h) = -h**3 - 7*h**2 + 2*h + 79. Determine d(-7).
65
Let j(v) = -36*v - 2826. Determine j(-75).
-126
Let k(j) = -j**3 + 21*j**2 - 62*j - 98. Calculate k(17).
4
Let n(m) = 3*m**2 - 6*m - 55. What is n(-19)?
1142
Let a(q) = -3*q**3 + 18*q - 19. Determine a(1).
-4
Let p(m) = -83*m - 3860. What is p(-46)?
-42
Let i(k) = 23*k - 20. What is i(1)?
3
Let a(r) = r**2 - 24*r + 147. Give a(10).
7
Let b(i) = i**2 - 72*i - 715. Give b(-9).
14
Let r(p) = p**2 + 11*p - 11. Calculate r(-9).
-29
Let r(m) = -183*m**3 + 4*m + 5. Give r(-1).
184
Let a(n) = -n**3 + 4*n**2 + 43*n + 64. Determine a(12).
-572
Let w(a) = -3*a**2 - 52*a + 8. Determine w(-3).
137
Let f(d) = -2449*d + 7325. Calculate f(3).
-22
Let k(f) = 14*f**2 + 1257*f - 257. Calculate k(-90).
13
Let h(j) = 4*j**2 + 505*j + 664. Calculate h(-125).
39
Let b(w) = -1874*w - 7506. Give b(-4).
-10
Let w(b) = b**2 + 13*b + 40. What is w(-21)?
208
Let b(c) = c**3 - c**2 + 8*c + 13. Determine b(-2).
-15
Let f(c) = -3*c**2 - 279*c - 1066. Calculate f(-89).
2
Let u(n) = n**2 + 12*n - 116. Give u(9).
73
Let g(s) = -4*s**3 - 2*s**2 - 4*s - 8. Calculate g(-3).
94
Let l(h) = -4*h**3 - 399*h**2 - 299*h - 193. What is l(-99)?
5
Let t(d) = -39*d - 14. Determine t(-1).
25
Let q(p) = p**3 - 174*p**2 - 528*p - 529. Determine q(177).
2
Let c(w) = 3*w**2 + 30*w + 88. Calculate c(-6).
16
Let n(g) = 2*g**2 - 260*g - 526. Give n(-2).
2
Let i(j) = -j**3 + 7*j**2 + 8*j + 9. Determine i(8).
9
Let h(g) = -83*g - 451. Calculate h(-6).
47
Let g(s) = s**2 - 300*s + 7800. Determine g(29).
-59
Let d(i) = 40*i**2 + i + 1. Determine d(0).
1
Let p(f) = f**2 + 52*f - 1148. Calculate p(-69).
25
Let i(t) = t**3 - 14*t**2 + 38*t + 43. Calculate i(10).
23
Let n(l) = -382*l + 3988. Calculate n(10).
168
Let y(i) = 115*i - 1168. Give y(11).
97
Let k(y) = -25*y**2 + 495*y + 632. Give k(21).
2
Let k(j) = 20*j + 713. Determine k(-35).
13
Let b(p) = 12651*p - 25291. What is b(2)?
11
Let a(i) = 2*i**3 - 38*i**2 + 36*i + 42. Calculate a(18).
42
Let p(b) = -78*b + 2678. Give p(34).
26
Let n(z) = -10*z**3 + 39*z**2 + 10*z - 10. Determine n(4).
14
Let q(r) = r**3 - 7*r**2 + 36*r - 204. Determine q(7).
48
Let c(j) = -48*j + 602. What is c(12)?
26
Let z(b) = 2*b**2 + 22*b - 6. Determine z(-14).
78
Let t(x) = -x**3 + 8*x**2 + 49*x - 17. Determine t(12).
-5
Let v(x) = -x**3 + 13*x**2 + 17*x + 504. Calculate v(16).
8
Let u(g) = 162*g + 4193. What is u(-26)?
-19
Let y(t) = -t**3 + 36*t**2 - 88*t - 374. Determine y(33).
-11
Let r(j) = 7*j - 31. Give r(-2).
-45
Let j(l) = -l**2 + 31*l + 543. What is j(-17)?
-273
Let o(g) = -g**3 - 4*g**2 + 61*g - 18. Give o(0).
-18
Let q(m) = 461*m + 38717. What is q(-84)?
-7
Let j(g) = -g**2 - 84*g + 617. Give j(-94).
-323
Let h(f) = -f**3 + 56*f + 162. Determine h(-5).
7
Let d(a) = -28*a + 82. Determine d(6).
-86
Let k(b) = -2397*b - 4754. Give k(-2).
40
Let n(b) = 16*b**3 + 25*b**2 - 26*b - 25. Calculate n(-2).
-1
Let s(f) = -3*f**2 + 22*f - 21. Determine s(9).
-66
Let z(u) = 3*u**2 + 2*u - 19. What is z(9)?
242
Let s(h) = 2*h**2 - 141*h - 7003. Determine s(104).
-35
Let t(y) = -y**3 - y**2 + 460*y + 45. Give t(21).
3
Let